e z(m).
8
Suppose -7*o + 9 = -10*o. Let p(i) be the third derivative of -i**5/60 - i**4/6 - i**3/6 - 11*i**2. What is p(o)?
2
Let t be (0 - -6)*(-1 + 3). Let a be (t/(-4))/((-6)/8). Let c = -7 + a. Let u(k) = k**3 + 3*k**2 - 4. Calculate u(c).
-4
Let o(s) be the third derivative of s**4/8 + s**3/6 + 4*s**2. Let q = 11 + -7. Let h(l) = -4*l. Let z(k) = q*h(k) + 5*o(k). What is z(5)?
0
Let p(z) be the third derivative of -1/8*z**4 - 10*z**2 - 1/90*z**6 + 0*z**5 + 0 + 0*z + 0*z**3. Let o(u) be the second derivative of p(u). What is o(2)?
-16
Let t(a) = -a**3 + 2*a**2 - a. Suppose -2*w + o + 4*o + 49 = 0, -w = 5*o + 13. Let n = 13 - w. Determine t(n).
0
Let s(k) be the second derivative of k**5/20 + k**4/6 + k**3/6 - 13*k**2/2 - 261*k. Calculate s(0).
-13
Let h be (-3 - -4) + 2 - 0. Suppose -7*y + h*y + 8 = 0. Suppose -11 = d + y*j, d - 5*j - 10 = 14. Let q(m) = 4*m - 1. Determine q(d).
-5
Let d(n) = -4 + 2*n + 2*n**2 - 3*n + 3*n + 8 + n**3. Determine d(-3).
-11
Let m(s) = 13*s. Let h(p) = 153*p + 39. Let n(o) = -h(o) + 12*m(o). What is n(13)?
0
Let k(q) be the second derivative of 0*q**2 - q + 25/6*q**3 - 4. What is k(1)?
25
Let h(p) be the third derivative of -p**4/24 - 11*p**3/3 - 14*p**2. Suppose -140 = -36*y + 46*y. What is h(y)?
-8
Let a = 15 + -30. Let o(r) = r**2 + 17*r + 33. Let i be o(a). Let k(x) = -x - 1. Give k(i).
-4
Let b(d) = -d**2 - 9*d + 13. Suppose 2*n + 15 = -3. What is b(n)?
13
Suppose -j - j = -6. Suppose -j*k - 3 = -6. Let c(y) be the third derivative of -y**5/5 + y**4/24 + 2*y**2. Give c(k).
-11
Let x(v) = -v**3 - 6*v**2 + 9*v. Let c be -26*5/50 + (-6)/15. Let g = -4 + c. Give x(g).
-14
Let n = 668 - 677. Let p(c) = c**2 + 9*c - 10. Give p(n).
-10
Let n(g) = -4*g + 21*g**2 + 17*g**2 - 47*g**2 + 1 - g**3 + 14*g**2. Suppose 0 = -5*p + 16 + 4. Give n(p).
1
Let f be 4 - (-5)/2*20. Let h(k) = k**2 - f*k + 54*k. Give h(3).
9
Let w be 36/9 + 10*-1. Let m(b) = 4*b + 24. Let r be m(w). Let j(k) = -k**3 + k**2 - 8. What is j(r)?
-8
Let n = -104 + 114. Suppose 3*g = -5*a + g + 10, -41 = -4*a + 5*g. Let f be (-81)/(-15) - a/n. Let b(j) = j**3 - 4*j**2 - 6*j + 5. What is b(f)?
0
Let q(k) = k**2 + 7*k + 2. Let b(p) = p**2 + 7*p + 3. Let w(n) = -4*b(n) + 3*q(n). Give w(-4).
6
Let n(b) = b + 4. Let u(k) = -8*k**3 - 3*k**2 + k + 2. Let j be u(-1). Suppose -3*i - 5*t = -j, i + t + 3 = -i. Calculate n(i).
1
Let n(w) = w**2 + w - 13. Let t be (-1)/(-4)*(122 - 122). Determine n(t).
-13
Let g be 110/9 - (-6)/(-27). Let i = 5 + -2. Suppose u + 0*u = 4*y + 5, -2*u - i*y = g. Let p(v) = -v**2 - 2*v - 4. Give p(u).
-7
Suppose -8*k + 3*t + 27 = -5*k, 3*k - 4*t = 26. Let c(b) = b**3 - 11*b**2 + 9*b + 16. Let z be c(k). Let y(g) = g**3 - 5*g**2 - 9*g + 8. Give y(z).
-10
Let i(p) = 3*p - 20. Let f be (-1020)/(-92) - (5 + 452/(-92)). Give i(f).
13
Let s(p) = 0*p + 2 - 2*p**2 - 4*p + 1 - p**3 + 5*p**2. Let r be (2 - (3 - 1)) + 25 - -3. Let k be (r/(-35))/(4/(-10)). Determine s(k).
-1
Let o be 1/((-2)/(-60)*3). Suppose h + o = 6*h. Let l(v) = -5 + 0*v + v - 2*v - h*v. Calculate l(-5).
10
Let j(c) = -27*c**2 - c - 1. Let o = -46 + 45. Calculate j(o).
-27
Let r(y) = -y + 11. Let k be (-40)/24 + 60/9. Let d be (((-25)/10)/k)/((-3)/30). Give r(d).
6
Suppose 4*t - 4*u + 4 = 0, -3*u + 11 = -5*t + 8. Let q(x) = x**3 - x + 5. What is q(t)?
5
Let s(w) = -5*w + 3. Let r(g) = -g + 16. Let a be r(9). Let z(p) = -a + 9*p - p + 3*p. Let i(c) = -9*s(c) - 4*z(c). What is i(0)?
1
Let x be (-9)/4*(-8)/(-3). Let b be (-1)/(-3) + (-4)/x. Let s(k) = -520*k + 263*k + 264*k. Give s(b).
7
Let v(r) = r**3 - 4*r**2 + 2*r + 3. Suppose -5*g + 4 = -31. Let s be 4 + -69*1/(-3)*1. Suppose -g*x + 1 = -s. Give v(x).
11
Let y(k) = k**3 - 2*k**2 + k - 9. Let q be y(3). Let j(m) = m**3 + 4*m**2 - 3*m - 4. Let h be j(-4). Let c(v) = -h*v + 6*v + q*v. What is c(6)?
6
Let j(m) = 5*m + 13. Let y(w) = w + 1. Let q(v) = j(v) - 6*y(v). Let z be -1*1*(-165)/55. Give q(z).
4
Let c(b) = -b**2 + 4*b - 4. Let z(i) = i + 6. Let y be 3 + 5/(10/(-12)). Let t be y/1 - (2 + -2). Let s be z(t). Determine c(s).
-1
Let q(k) = 9*k + 5. Let j(n) = -2*n - 1. Let l(o) = o**2 - 9*o + 19. Let s be l(6). Let d(i) = s*q(i) + 2*j(i). Give d(-7).
-32
Suppose -5*u - 6 + 21 = -5*n, -4*n + 4 = 0. Let v(i) = -i**3 + 3*i - 2. Give v(u).
-54
Suppose 7*p - 8 + 36 = 0. Let d(k) be the third derivative of -k**4/24 - 3*k**3/2 + 2*k**2. What is d(p)?
-5
Let g = -407 + 401. Let p(a) = -a**3 - 7*a**2 - 7*a - 5. Determine p(g).
1
Let a(u) = -2*u - 28. Let c(p) = -p - 9. Suppose s + 1 = 2*x, -5*s + 37 = 4*x - 0*s. Let v(k) = x*a(k) - 10*c(k). Calculate v(-5).
-14
Let j(l) = -7*l**2 + 4*l + 5. Let n(d) = d**2 + d + 1. Let f(s) = -j(s) + 4*n(s). Let m = 1123 + -1122. Determine f(m).
10
Let f be (-2)/11 + 6/33. Let a(o) = -5 + 2 + o + 10. Calculate a(f).
7
Suppose -2*x - 6 = 20. Let m(f) = -f**2 - 15*f - 29. Determine m(x).
-3
Let i = -44 - -38. Let c be ((-15)/45)/((-2)/i). Let o(v) = 5*v**2 + 2*v + 1. Determine o(c).
4
Let v(o) = -5*o**3 - 6*o**2 - 3*o - 5. Let y(x) = 9*x**3 + 11*x**2 + 6*x + 9. Let j(q) = -11*v(q) - 6*y(q). Calculate j(-3).
-17
Let q(u) = 3 + 9*u**2 + 24*u**2 - 7 + 2 + 5*u - 32*u**2. Suppose 6*w - w + 20 = 0. Give q(w).
-6
Let f(w) be the third derivative of -w**5/20 + w**4/4 - w**3/3 - 6*w**2 - 4*w. What is f(2)?
-2
Let n(j) be the third derivative of -j**4/3 + j**3/6 + 2*j**2 + 111. What is n(-6)?
49
Let l = -2 + 4. Suppose 0 = l*g - 5*a + 20, -g + 0*a + 8 = 2*a. Let z(i) be the first derivative of -i**2/2 + 3*i + 8. Determine z(g).
3
Let r(f) be the third derivative of 7*f**4/24 + f**3/3 + 42*f**2. Give r(3).
23
Suppose 5*z - 46 + 11 = 0. Let n(s) = -3*s + 1. Let m(q) = -q. Let c(g) = -5*m(g) + 2*n(g). What is c(z)?
-5
Let l(f) be the second derivative of 2*f**3/3 + f**2/2 + 57*f. Give l(1).
5
Suppose -4*o + 4*m - 7 = 9, 2*o = -3*m + 7. Let t(w) = 2*w**2 + w + 1. Let j(l) = 2*l**2 + l + 1. Let y(p) = 6*j(p) - 5*t(p). Give y(o).
2
Let t be (10 - -7)/(2/2). Let r(n) = n**2 - 3*n + t*n - 8*n. Determine r(-6).
0
Let g(k) = -k**3 + 3*k**2 - 3*k + 2. Let w(b) = -b**3 + 2*b**2 - 3*b + 4. Let x(u) = -5*g(u) + 4*w(u). Determine x(6).
-12
Let a(v) = 5*v**2 - 7*v + 7. Let n(u) = 9*u**2 - 15*u + 14. Let b(l) = -5*a(l) + 3*n(l). Let g = 54 + -36. Suppose p + 2 = 2*r, p = r - 4*r + g. What is b(p)?
19
Let y(c) = 11*c - 4. Let i(s) = -12*s + 6. Let t(w) = 2*i(w) + 3*y(w). What is t(1)?
9
Let r(p) = p**3 + 4*p**2 + 4*p + 2. Let a(w) = 11*w**2 + 14*w + 14. Let v be a(-1). Let i be ((-6)/(-2))/(3/14). Let c = v - i. Calculate r(c).
-1
Let p(j) = -101*j + 16 + 58*j + 44*j. Give p(-16).
0
Let r = -1 + 6. Let b(l) be the third derivative of -l**6/720 + 3*l**5/40 + l**4/6 + 7*l**2. Let z(c) be the second derivative of b(c). Calculate z(r).
4
Let v(t) = -4*t + 56. Let p be v(15). Let r(j) = j**3 + 2*j**2 - 2*j + 3. Calculate r(p).
-21
Suppose 74*y - 71*y - 18 = 0. Let p(x) = -5*x**3 - 24 + y*x**3 - 2*x**2 - 2*x + 25. What is p(3)?
4
Let q be 57/(-12) - (-4)/(-16). Let l(u) = -u**3 - 4*u**2 + 7*u + 2. Calculate l(q).
-8
Let z(s) be the second derivative of -s**5/20 + 5*s**4/12 + 3*s**3/2 + 3*s**2 + 2*s + 121. Determine z(7).
-29
Suppose 5*z = v + 23, 4*z - 12*v - 18 = -11*v. Let q(n) = n**2 - 5*n. Calculate q(z).
0
Suppose p = 3, -4*v - 5*p = -0*p - 75. Suppose 2*h = -0*h + o - v, 4*o = -4. Let k(l) = l**2 + 7*l - 8. Give k(h).
0
Let h(p) = 1 - 3 + 1 - p. Let y = 129 + -128. Determine h(y).
-2
Let v(t) = -54 + 9 + 28 - t. Calculate v(-13).
-4
Let k(l) = -7*l**3 - 3*l**2 - 4. Suppose -4*w + 8 = -0*w. Suppose 0 = s + 7 + w. Let p(u) = -15*u**3 - 7*u**2 - 9. Let r(i) = s*k(i) + 4*p(i). What is r(1)?
2
Let u(a) = a**2 - 2*a + 1. Let l be 0 + (-5)/(-5) + 33. Let n = 37 - l. Calculate u(n).
4
Let q = -40 - -40. Let x(v) = -99*v - v**3 + q*v**3 + 98*v. What is x(-2)?
10
Suppose 4*d = 2*o + 188, d + 2*o - o = 47. Let j = d - 40. Let y(r) = r**3 - 6*r**2 - 8*r + 3. What is y(j)?
-4
Suppose -6 = -2*v - 0*v - 2*y, 2*y + 24 = 4*v. Let k(h) be the first derivative of h**4/4 - 2*h**3 + h**2 + 2*h - 272. Determine k(v).
-13
Let u(q) = 55*q**2 + 4 - 7*q - 54*q**2 + 8*q + 11*q. Give u(-12).
4
Let j(u) be the first derivative of u**4/4 - u**3/3 - u**2/2 - 36. Let x be 2/(-4)*(0 + 2). Determine j(x).
-1
Suppose -5*k = -n + 15, -k - 3*n = -4*n - 1. Let s